2 + 5*j - 23. What is r(6)?
7
Let h(c) = -c**2 - 143*c - 2546. Calculate h(-122).
16
Let q(j) = -44*j + 3440. Determine q(80).
-80
Let q(v) = -265*v - 3725. Give q(-14).
-15
Let w(g) = -g**2 - 208*g - 4404. Determine w(-24).
12
Let w(n) = -57*n**2 - 6669*n - 5. What is w(-117)?
-5
Let l(z) = -1357*z + 12213. Calculate l(9).
0
Let i(m) = 5*m**3 - 28*m + 28. Give i(1).
5
Let t(f) = -f**3 + 14*f**2 - 362*f + 4538. Calculate t(13).
1
Let i(l) = l**3 + 12*l**2 + 14*l - 28. What is i(-10)?
32
Let q(j) = j**3 + 27*j**2 - 44*j - 18. Calculate q(-29).
-424
Let k(f) = 483*f + 1435. Give k(-3).
-14
Let p(r) = 30*r**2 + 126*r - 357. Calculate p(3).
291
Let h(c) = c**3 + 4*c**2 - 23*c + 9. Give h(-8).
-63
Let m(z) = -z**2 - 4*z + 202. Calculate m(-10).
142
Let p(v) = -2*v**2 + 159*v + 8608. Determine p(-37).
-13
Let y(v) = -4*v**2 + 80*v + 150. Calculate y(22).
-26
Let o(h) = -2*h**2 + 36*h - 6. Determine o(22).
-182
Let s(c) = -357*c + 24624. Give s(69).
-9
Let b(c) = -c**3 + 23*c**2 - 25*c + 75. Determine b(22).
9
Let b(p) = -p**2 - 49*p - 358. Determine b(-40).
2
Let f(h) = -h**3 - 16*h**2 - 8*h - 9. Calculate f(-15).
-114
Let j(r) = -r**3 + 5*r**2 + 2*r - 30. Give j(3).
-6
Let k(g) = g**3 - 48*g**2 - 43*g - 2849. Determine k(50).
1
Let j(w) = 2*w**2 + 27*w - 31. Give j(0).
-31
Let q(x) = 7*x**3 + 7*x**2 + 11*x + 1. Determine q(-2).
-49
Let z(t) = -244*t - 46. Determine z(-3).
686
Let t(k) = -5*k**3 - 58*k**2 - 120*k + 3. What is t(-2)?
51
Let k(s) = 3*s**2 + 88*s + 254. Give k(-26).
-6
Let a(i) = -170*i - 1192. Calculate a(-7).
-2
Let p(d) = -d**3 - d**2 - 24*d - 59. Give p(-5).
161
Let c(x) = 31*x - 225. What is c(5)?
-70
Let n(o) = 30*o - 969. Calculate n(32).
-9
Let x(u) = -u**3 - 8*u**2 + 25*u - 9. Determine x(-11).
79
Let a(v) = v**2 + 26*v - 157. What is a(-31)?
-2
Let w(x) = x**2 + 16*x + 62. Determine w(-18).
98
Let m(y) = y**3 - 47*y**2 - 6*y + 286. Determine m(47).
4
Let q(d) = 54*d**2 - 1838*d + 69. What is q(34)?
1
Let p(b) = b**3 - 88*b**2 - 463*b + 3. Determine p(-5).
-7
Let v(j) = 29*j + 1525. What is v(-54)?
-41
Let m(r) = 2*r**2 + 516*r - 3174. Determine m(6).
-6
Let k(l) = 17756*l - 53276. Determine k(3).
-8
Let z(r) = 1351*r + 10780. What is z(-8)?
-28
Let z(i) = -18*i**2 - 41*i + 51. Calculate z(-3).
12
Let o(m) = m**3 + 11*m**2 + 35*m + 29. What is o(-7)?
-20
Let f(q) = -194*q + 16225. Calculate f(83).
123
Let y(o) = 84*o**2 - 164*o - 5. Determine y(2).
3
Let a(l) = -3*l**3 - 472*l**2 - 156*l + 157. Calculate a(-157).
0
Let v(z) = 18*z + 986. Give v(-50).
86
Let u(i) = -i**3 - 340*i**2 + 309*i - 10905. Calculate u(-341).
7
Let z(v) = 56*v + 351. Calculate z(-6).
15
Let b(m) = -m**2 - 381*m + 2314. Determine b(6).
-8
Let b(r) = 53*r + 274. Determine b(-8).
-150
Let k(f) = 2*f**2 + 45*f + 113. Give k(-23).
136
Let a(i) = 138*i**2 - 13244*i - 389. Calculate a(96).
-5
Let m(w) = 50*w + 239. Determine m(-5).
-11
Let f(m) = -78*m + 780. Calculate f(10).
0
Let q(f) = f**3 - 21*f**2 + 23*f - 34. Give q(19).
-319
Let s(r) = -370*r + 2592. Give s(7).
2
Let u(m) = -m**3 + 71*m**2 - 67*m - 4919. What is u(69)?
-20
Let a(h) = -59*h - 3848. Give a(-68).
164
Let k(m) = 196*m + 32. Give k(-1).
-164
Let s(q) = -10*q**2 + 12*q + 51. What is s(3)?
-3
Let p(i) = -i**2 + 1126*i - 3369. Give p(3).
0
Let n(z) = -z**2 - 25*z - 34. Determine n(-24).
-10
Let g(b) = 13*b**2 - 805*b - 55. Give g(62).
7
Let a(d) = -d**2 + 2414*d - 9641. What is a(4)?
-1
Let g(p) = p**3 + 29*p**2 - 6*p + 27. Calculate g(-29).
201
Let c(u) = 60*u**2 - 588*u - 114. Determine c(10).
6
Let n(i) = -255*i + 1024. What is n(4)?
4
Let q(a) = -a**2 - 16*a + 296. Calculate q(-34).
-316
Let h(p) = 1637*p + 75306. What is h(-46)?
4
Let v(m) = 56*m - 114. Give v(10).
446
Let l(r) = -14*r**2 + 627*r - 519. What is l(44)?
-35
Let f(j) = -3*j**2 + 114*j - 457. What is f(4)?
-49
Let v(r) = 8*r**2 + 70*r - 9. Give v(-9).
9
Let k(l) = -l**2 + 8*l - 51. What is k(9)?
-60
Let s(p) = -p**3 - 25*p**2 + 4*p - 33. What is s(-25)?
-133
Let y(v) = -25*v - 1877. Calculate y(-74).
-27
Let b(i) = 9*i**2 - 44*i - 45. Calculate b(-1).
8
Let f(d) = 37*d**2 + 713*d + 37. Determine f(-19).
-153
Let f(m) = m**3 - 39*m**2 + 133*m + 6. Calculate f(4).
-22
Let k(p) = -p**3 + 23*p**2 - 19*p + 8. Calculate k(22).
74
Let t(q) = 2*q**2 + 473*q + 24315. Give t(-161).
4
Let b(z) = 5*z**3 + 12*z**2 + 6*z - 12. Give b(-4).
-164
Let j(c) = c**3 + 2*c**2 - 33*c + 2. Give j(-7).
-12
Let a(f) = -f**2 - 137*f - 412. Give a(-3).
-10
Let f(g) = -g**2 + 178*g - 979. Give f(6).
53
Let v(s) = 2*s**3 + 40*s**2 - 44*s + 9. Determine v(-21).
51
Let y(s) = -s**3 + 4*s**2 - 3*s - 2. What is y(3)?
-2
Let c(a) = 13*a - 43. Determine c(9).
74
Let b(m) = 20*m**2 + m + 4. Give b(4).
328
Let a(m) = 20*m**2 + 118*m + 162. Calculate a(-2).
6
Let f(s) = -9*s + 105. Calculate f(-21).
294
Let h(n) = -n**2 + 33*n + 150. What is h(-5)?
-40
Let r(a) = a**3 - 8*a**2 - 81*a - 29. Determine r(14).
13
Let u(l) = -51*l**2 - 50*l - 55. What is u(-1)?
-56
Let n(y) = -3*y**2 + 658*y + 2665. Calculate n(-4).
-15
Let w(o) = -o**2 - 180*o - 2175. Give w(-13).
-4
Let p(f) = -140*f**3 + f**2 - 4*f - 4. Give p(-1).
141
Let c(g) = -28*g + 527. Calculate c(19).
-5
Let b(f) = 454*f - 4. Calculate b(0).
-4
Let w(z) = z**3 + 51*z**2 + 52*z + 115. Determine w(-50).
15
Let y(a) = -a**2 - 49*a - 274. Calculate y(-5).
-54
Let b(u) = -26*u + 1925. What is b(75)?
-25
Let b(r) = 62*r + 734. What is b(-11)?
52
Let j(f) = -f**2 + 40*f - 694. Calculate j(23).
-303
Let p(k) = 2*k**2 + 11*k - 638. Calculate p(16).
50
Let v(g) = -g**3 + 19*g**2 + 419*g + 43. What is v(-13)?
4
Let c(k) = 2*k**3 + 26*k**2 + 65*k + 25. Determine c(-10).
-25
Let d(v) = -v**2 + 16*v - 82. Give d(10).
-22
Let b(a) = 636*a - 622. What is b(0)?
-622
Let f(l) = l**3 + 16*l**2 + l + 3. Calculate f(-16).
-13
Let d(c) = -c**3 + 11*c**2 + 42*c - 359. Give d(12).
1
Let n(r) = -r**2 + 93*r - 832. Determine n(83).
-2
Let b(l) = 11*l**2 - 9*l - 16. Give b(-2).
46
Let m(s) = s**3 - 10*s**2 - 77*s + 21. What is m(15)?
-9
Let g(s) = s**3 - 26*s**2 + 73*s - 7. Determine g(22).
-337
Let s(v) = 3*v**3 + 33*v**2 + 16*v - 8. Calculate s(-10).
132
Let w(y) = 185*y + 2660. Calculate w(-15).
-115
Let n(u) = 623*u - 6810. Calculate n(11).
43
Let l(h) = 20*h - 52. Give l(0).
-52
Let p(s) = s**3 - 8*s**2 - 78*s + 495. Determine p(11).
0
Let h(u) = 35*u - 360. Give h(10).
-10
Let m(t) = -298*t - 1494. Determine m(-5).
-4
Let w(d) = -575*d + 5658. Give w(10).
-92
Let c(n) = 2*n**3 + 55*n**2 + 26*n - 57. What is c(-27)?
-30
Let j(g) = -302*g**3 - 2*g**2 + 2. Give j(-1).
302
Let j(r) = -r**2 - 30*r + 187. Calculate j(-27).
268
Let o(p) = 69*p + 161. Give o(3).
368
Let a(t) = -100*t - 11671. Calculate a(-117).
29
Let r(x) = -124*x + 870. What is r(7)?
2
Let s(p) = -p**2 - 29*p - 181. Give s(-20).
-1
Let g(b) = 3*b**3 - 15*b**2 + 23*b - 119. Determine g(5).
-4
Let t(s) = 11*s**2 + 147*s + 279. Determine t(-11).
-7
Let p(j) = 17*j - 66. Give p(-3).
-117
Let p(c) = 63*c - 4707. What is p(75)?
18
Let g(c) = -5*c**2 + 24*c - 95. What is g(11)?
-436
Let a(p) = -87*p**2 + 436*p + 11. Calculate a(5).
16
Let x(g) = -120*g**2 - 2160*g - 14. What is x(-18)?
-14
Let g(y) = -2*y**2 - 68*y + 407. Determine g(6).
-73
Let d(x) = -7*x**2 + 68*x - 132. Give d(2).
-24
Let p(d) = -4*d**2 - 939*d - 4373. What is p(-230)?
-3
Let n(d) = -49*d - 299. What is n(-16)?
485
Let n(j) = j**3 + 225*j**2 - 235*j - 2030. Determine n(-226).
4
Let l(m) = -m**3 - 14*m**2 + 43*m - 11. Determine l(-16).
-187
Let a(m) = 40*m**2 - 272*m + 4. Calculate a(7).
60
Let f(u) = -2*u**3 - 100*u**2 - 169*u + 1129. Calculate f(-48).
25
Let v(p) = -2*p**3 + 20*p**2 - 9*p + 31. Calculate v(10).
-59
Let x(q) = -q**2 + 23*q - 159. What is x(12)?
-27
Let s(a) = 3743*a + 145982. What is s(-39)?
5
Let f(w) = -16*w**2 + 116*w - 10. Give f(6).
110
Let s(f) = f**2 - 47*f - 211. Calculate s(51).
-7
Let v(z) = z**2 - 16*z + 39. Determine v(4).
-9
Let g(t) = -84*t - 2503. Calculate g(-30).
17
Let o(z) = -z**3 + 26*z**2 - 25*z - 16. Calculate o(25).
-16
Let u(i) = 421*i - 221. What is u(1)?
200
Let z(p) = 32*p + 1356. Give z(-47).
-148
Let f(c) = -2*c**2 - 142*c + 876. What is f(6)?
-48
Let w(t) = 23*t**2 - 758*t. Calculate w(33).
33
Let s(o) = 2*o - 9. Give s(-7).
-23
Let s(o) = -232*o - 244.